{"id":35,"date":"2019-04-01T22:43:02","date_gmt":"2019-04-01T20:43:02","guid":{"rendered":"http:\/\/digihum.de\/professoren\/?page_id=35"},"modified":"2019-04-01T22:43:02","modified_gmt":"2019-04-01T20:43:02","slug":"links","status":"publish","type":"page","link":"https:\/\/digihum.de\/professoren\/links\/","title":{"rendered":"Links"},"content":{"rendered":"<li><a href=\"http:\/\/toolserver.org\/~apper\/pd\/index.php\" class=\"red\">PND Tool von Wikipedia<\/a><\/li>\n<li><a href=\"http:\/\/www.uni-kiel.de\/ps\/cgi-bin\/fo-list.php\" class=\"red\">Gro\u00dfe Forscher an der F\u00f6rde (Uni Kiel)<\/a><\/li>\n<li><a href=\"http:\/\/www.ub.uni-kiel.de\/ebooks\/X1053-N.F.7.html\" class=\"red\">Bl\u00e4tterdigitalisat des Volbehr\/Weyl 1956 der UB Kiel<\/a><\/li>\n<li><a href=\"http:\/\/archiv.twoday.net\/stories\/5304811\/\" class=\"red\">Klaus Graf: Liste von Professorenkatalogen auf archiv.today.net<\/a><\/li>\n<li><a href=\"http:\/\/www.uni-leipzig.de\/unigeschichte\/professorenkatalog\/impressum.html\" class=\"red\">Professorenkatalog Uni Leipzig<\/a><\/li>\n<li><a href=\"http:\/\/cpr.uni-rostock.de\/\" class=\"red\">Professorenkatalog Rostock<\/a><\/li>\n<li><a href=\"http:\/\/www.catalogus-professorum-halensis.de\/\" class=\"red\">Professorenkatalog Halle<\/a><\/li>\n<li><a href=\"http:\/\/www.archiv.rwth-aachen.de\/lehrkoerper\/\/index.htm\" class=\"red\">Professorenkatalog RWTH Aachen<\/a><\/li>\n<li><a href=\"http:\/\/rzblx10.uni-regensburg.de\/dbinfo\/warpto.php?bib_id=ubk&amp;color=1&amp;titel_id=3171&amp;url=http%3A%2F%2Fdb.saur.de%2FWBIS%2Fautologin%3Fuser%3Dubkiel\" class=\"red\">World Biographical Information System Online (WBIS Online)<\/a><\/li>\n","protected":false},"excerpt":{"rendered":"<p>PND Tool von Wikipedia Gro\u00dfe Forscher an der F\u00f6rde (Uni Kiel) Bl\u00e4tterdigitalisat des Volbehr\/Weyl 1956 der UB Kiel Klaus Graf: Liste von Professorenkatalogen auf archiv.today.net Professorenkatalog Uni Leipzig Professorenkatalog Rostock Professorenkatalog Halle Professorenkatalog RWTH Aachen World Biographical Information System Online (WBIS Online)<\/p>\n","protected":false},"author":1,"featured_media":0,"parent":0,"menu_order":0,"comment_status":"closed","ping_status":"closed","template":"","meta":{"footnotes":""},"class_list":["post-35","page","type-page","status-publish","hentry"],"_links":{"self":[{"href":"https:\/\/digihum.de\/professoren\/wp-json\/wp\/v2\/pages\/35","targetHints":{"allow":["GET"]}}],"collection":[{"href":"https:\/\/digihum.de\/professoren\/wp-json\/wp\/v2\/pages"}],"about":[{"href":"https:\/\/digihum.de\/professoren\/wp-json\/wp\/v2\/types\/page"}],"author":[{"embeddable":true,"href":"https:\/\/digihum.de\/professoren\/wp-json\/wp\/v2\/users\/1"}],"replies":[{"embeddable":true,"href":"https:\/\/digihum.de\/professoren\/wp-json\/wp\/v2\/comments?post=35"}],"version-history":[{"count":1,"href":"https:\/\/digihum.de\/professoren\/wp-json\/wp\/v2\/pages\/35\/revisions"}],"predecessor-version":[{"id":36,"href":"https:\/\/digihum.de\/professoren\/wp-json\/wp\/v2\/pages\/35\/revisions\/36"}],"wp:attachment":[{"href":"https:\/\/digihum.de\/professoren\/wp-json\/wp\/v2\/media?parent=35"}],"curies":[{"name":"wp","href":"https:\/\/api.w.org\/{rel}","templated":true}]}}